te the remainder when x is divided by ((-1)/3)/(20 - (-13273)/(-663)).
6
Suppose -5*n - 3*z + 1861 - 246 = 0, 3*n = -4*z + 969. Calculate the remainder when n is divided by 114.
95
Let k = -600 + 999. What is the remainder when k is divided by 229?
170
Suppose -2*i + 7 = -z, -12 = 3*i - 6*i. Calculate the remainder when 258 is divided by (-2 - z) + 1800/20.
84
Let d(h) = -62*h - 290. Calculate the remainder when d(-10) is divided by 12.
6
Suppose 0 = x + o - 670, -547*x + 551*x - 4*o - 2616 = 0. What is the remainder when x is divided by 194?
80
Suppose 8*b - 128 - 1816 = 0. What is the remainder when 348 is divided by b?
105
Suppose 5*b + 17 = 112. Let c = 260 - -144. Let a = c - 292. What is the remainder when a is divided by b?
17
Suppose -1686 - 2557 = -p - 4*a, -5*p + 3*a = -21215. Calculate the remainder when p is divided by 15.
13
Let v(a) = 2*a**2 - a - 39. What is the remainder when 180 is divided by v(7)?
24
Suppose -h + 5*f - 18 = 0, -h - 2*f = 2*h - 14. Let c(m) = 3*m**2 + 4. Calculate the remainder when 31 is divided by c(h).
15
Let h(b) = 3789*b - 34091. Let a = -6 + 24. Suppose -p - 5*o + a = 0, 0 = -3*p + 2*o - 0*o + 122. Calculate the remainder when p is divided by h(9).
8
Let o = -3 + 5. Suppose 2*d = -o*g - 68, 6 = 5*g - 3*g. Let k = 71 + d. Calculate the remainder when k is divided by 10.
4
Let y = 87 - 47. Let m(f) = -7*f - 9. Let g be m(-1). What is the remainder when (g/(-3))/(-1 + (-6227)/(-6201)) is divided by y?
39
Calculate the remainder when 1099 is divided by 606*(6 + (-525)/90).
89
Suppose 55*m = -801 + 2121. What is the remainder when 407 is divided by m?
23
Let l = -13 + 51. Let o = -2421 + 2542. What is the remainder when o is divided by l?
7
Let q(m) = 66*m - 1. Let t be q(1). Let r = -35 + t. Calculate the remainder when (24 - 19975/(-100))/((-10)/(-8)) is divided by r.
29
Let x(p) = 3*p**2 + 27*p - 1519. Calculate the remainder when x(23) is divided by 683.
6
Suppose -2*i = -17*i + 150. What is the remainder when 54 is divided by ((-4)/(-6))/((-3)/((-1080)/i))?
6
Suppose 5*t = -5*g + 120, 3*t = g + 2*g + 42. Let n(l) = 264*l - 64. Let m be n(-2). What is the remainder when 135/(-90)*(m/6)/2 is divided by t?
17
Suppose 0 = -3*r + 4*o + 3504 + 2615, -3*r + o + 6140 = 0. Calculate the remainder when r is divided by 76.
73
Suppose 811 = -24*r + 10915. What is the remainder when r is divided by 150?
121
Let r = -358 + 762. Calculate the remainder when r is divided by 41.
35
Suppose 540 = 3*t - 4*i + 5*i, 0 = 5*t - 3*i - 886. Calculate the remainder when t is divided by ((-2025)/(-108))/((-20)/90 - (-43)/72).
29
Let g = -13419 + 13567. Calculate the remainder when g is divided by 59.
30
Let c(y) = y - 2. Let s be c(9). Suppose -26 + 19 = s*i. Calculate the remainder when 93 is divided by ((-9)/(-18))/(i/(-24)).
9
Suppose 13 = 2*a - 3*k, -3*k - 8 = 2*a - 3*a. Suppose -5*c + 2*c + 885 = 5*l, 0 = -4*l - a*c + 708. What is the remainder when 5/(5/5) + l is divided by 23?
21
Let z(l) = 3*l**3 - 32*l**2 - 4*l - 19. Let y be z(11). Suppose -y*s + 52*s = -3558. What is the remainder when s is divided by 54?
53
Let n(d) = 3*d**2 + 127*d + 1485. What is the remainder when n(-46) is divided by 220?
11
Let k(y) = -y**2 + 96*y - 359. What is the remainder when 46 is divided by k(4)?
1
Let g(s) = -5*s**2 - 3. Suppose 8*t = -t - 45. Let l(v) = 4*v**2 + 4. Let u(r) = t*g(r) - 6*l(r). What is the remainder when 18 is divided by u(-4)?
4
Let i be 54 - (8 + (4 - 7)). Suppose -3 = 2*s - i. Calculate the remainder when s is divided by 2.
1
What is the remainder when 177 is divided by 1080/42*(-14)/(-4)?
87
Let h = -273 + 408. Suppose -h*c = -128*c - 77. Let l = 10 + 5. What is the remainder when l is divided by c?
4
Suppose 3*s + k = 29, -4 = 2*s - k - 15. Let u(r) = -4*r - 20 - s + 5. What is the remainder when 29 is divided by u(-7)?
4
Let h(b) = 29*b + 10. Let i be h(4). Suppose -o + i = -40. Let q(c) = 7*c - 35. What is the remainder when o is divided by q(11)?
40
Suppose -d - 2*v - 2*v + 27 = 0, -4*v + 71 = 5*d. Let p be (2 - 1)/((-6)/30). What is the remainder when d is divided by -1 - p - (3 - 3)?
3
Let y be (-14808)/(-54) + 2/(-9). Let n = -256 + y. Calculate the remainder when 98 is divided by n.
8
Suppose -54 = 10*t - 664. Let d(r) = r + 22. Let k be d(-15). Suppose 0 = k*o + 96 - 243. What is the remainder when t is divided by o?
19
Let n(g) = 8*g**2 - g - 4. Let a(j) = -7*j - 24. Let k be a(-3). Let b be 2/(-6) + ((-1)/k - -2). What is the remainder when 50 is divided by n(b)?
24
Let a = -4 - -7. Let b be (-1 + 0 + -3)/((-2)/4). Suppose g = -g + b. Calculate the remainder when g is divided by a.
1
Let j(h) = -h**3 + 9*h**2 + 2*h - 10. Let v = -13 - -22. Let w be j(v). Calculate the remainder when ((-105)/(-12))/5*w is divided by 2.
0
Let c = -85 + 88. Suppose -2*x - p - 18 = -c*x, -40 = -3*x - 4*p. Calculate the remainder when 27 is divided by x.
11
Suppose 0 = -133*t + 125*t + 896. Suppose 5*s + t = j, -5*j - 3*s = -331 - 89. Calculate the remainder when j is divided by 11.
10
Suppose -6*b + 30 + 66 = 0. What is the remainder when (b - (-1 - 6))*2 is divided by 29?
17
Suppose -8*o = -14*o + 108. Let i = 424 - -23. What is the remainder when i is divided by o?
15
What is the remainder when 0 + (-1)/(-2)*(2212 + -46) is divided by 35?
33
Suppose 7*n + 11 = 8*n. Suppose 28 + 52 = 4*g. Calculate the remainder when g + (0 + 0 - 0) is divided by n.
9
Suppose 5*w = 4*c - 401, -3*w + 238 = -6*w + 5*c. Calculate the remainder when 17 is divided by 2/9 - 306/w.
1
Suppose 8*h - 1820 = 13*h + 2*p, -364 = h - 2*p. Let g = -163 - h. What is the remainder when g is divided by 52?
45
Suppose 3*v - 5*b = 6, -v = b - 6*b - 2. Let z(s) = -s**2 + 8*s - 3. Calculate the remainder when 4 - v - (77 - 79) is divided by z(7).
0
Let i be 48/32 - (-230)/4 - -1. Calculate the remainder when 218 is divided by 1*3 - (i/(-10) + -11).
18
Calculate the remainder when (307857/(-1881))/((-2)/3 - 0)*2 is divided by 263.
228
Suppose 280*g = 102*g + 18868. Calculate the remainder when 8371 is divided by g.
103
Suppose 23*k + 449 = -4*m + 22*k, -332 = 3*m - 4*k. Let g = m - -139. Calculate the remainder when g is divided by 3.
0
Suppose -3*g + 258 = -48. What is the remainder when g is divided by (243/45)/(9/30)?
12
Suppose -52*t = -11*t - 657681. What is the remainder when t is divided by 191?
188
Let c be (-114)/(8/(-48)*(-9)/(-113)). Suppose 10*a = -9*a + c. What is the remainder when a is divided by 20?
12
Let k = -948 + 3869. What is the remainder when (k/69)/((-1)/(-12)) is divided by 16?
12
Let f(p) = p**2 - 2*p - 14. Let s be f(-4). Let r(g) = g**3 - 12*g**2 + 10*g + 22. Let z be r(s). Let i = 79 + z. What is the remainder when i is divided by 1?
0
Suppose -2*k - 3*h + 93 = 0, 0*h - h - 275 = -5*k. What is the remainder when 2 + -1 + 15 + -15 - -374 is divided by k?
51
Let h(d) = -d - 7. What is the remainder when ((-81)/(-45) - 1)/(2/35) is divided by h(-10)?
2
Let q(t) = 5*t**2 + 28*t + 19. What is the remainder when q(-7) is divided by ((-40)/3)/((8/(-6))/2)?
8
Let i = -1 + 3. Suppose i*g + 0*g - 106 = 0. Suppose 4*m - 444 = 384. Calculate the remainder when m is divided by g.
48
Let r = 430 + 445. Suppose 11*y - r = 4*y. Let d = y - 98. Calculate the remainder when d is divided by 10.
7
Suppose 2*b + 28 = 4*o, o + 2*b - 6 = 3*b. Suppose 59 + o = l. Suppose -2*s - 3*s - r + 65 = 0, 32 = 3*s + 2*r. What is the remainder when l is divided by s?
11
Let i be (2 + 40)/((-6)/30) + 2. Let t = i + 213. What is the remainder when 3/(-4) + (-261)/(-12) is divided by t?
1
Let h be ((-4)/(-4) - 1)/2. Suppose -2*r + 4*k = 52, -r - 2*k - k - 26 = h. Let t = 43 + r. What is the remainder when 30 is divided by t?
13
Let h = -94 - -96. Suppose -3*w + 45 = h*k - 0*w, -2*k = 5*w - 51. Calculate the remainder when (26/4)/((-7)/(-56)) is divided by k.
16
Let p = 7 - 46. Let h = p - -310. Suppose 4*j - 5*s - h = 0, 4*j - 385 = -j - 3*s. Calculate the remainder when j is divided by 15.
14
Let n = -1 + -6. Let l = 131785 - 131744. What is the remainder when l is divided by -2*(0 + (n - 1))?
9
Suppose 7*w = 31*w + 96. Calculate the remainder when 83 is divided by (-11)/((-2)/w + (-6)/8).
39
Suppose -43*h + 37*h = -d + 433, 4*h = -20. Suppose 310 = 5*s + 5*q, 0 = -4*s +